prime number?
False
Is 3241591889 a composite number?
False
Is 7196197469 composite?
False
Is 18205219121 prime?
False
Is 2725452811 a composite number?
True
Is 4798869877 prime?
True
Is 52599115631 a composite number?
True
Is 94443545631 a prime number?
False
Is 1970394607 a prime number?
False
Is 2121039373 composite?
False
Is 13941329491 prime?
True
Is 16082224793 prime?
True
Is 1201686637 a prime number?
True
Is 5505262837 a composite number?
False
Is 3131187499 a prime number?
False
Is 5051061139 a prime number?
True
Is 422110591 composite?
True
Is 27409767139 a prime number?
True
Is 5419476397 a prime number?
True
Is 1224964577 a composite number?
True
Is 1616836157 a prime number?
False
Is 11138721287 composite?
False
Is 76391567419 a prime number?
True
Is 691435639 a prime number?
True
Is 6903233257 a prime number?
True
Is 545804224987 prime?
False
Is 2638742521 prime?
True
Is 162723985 a composite number?
True
Is 3958123537 a prime number?
True
Is 5741682403 a composite number?
False
Is 22539675343 a composite number?
True
Is 1959389449 a composite number?
False
Is 2384988601 a prime number?
True
Is 6839392379 prime?
False
Is 59382060599 prime?
True
Is 1813481921 prime?
True
Is 53174487167 prime?
True
Is 1047028349 prime?
True
Is 1025349121 a composite number?
True
Is 16231002079 composite?
True
Is 43922744903 a prime number?
False
Is 2108013587 a composite number?
False
Is 9198264133 prime?
False
Is 60686891719 prime?
True
Is 147000518437 a composite number?
False
Is 6871342553 prime?
True
Is 220856641 prime?
True
Is 7675811197 a prime number?
False
Is 83137761127 composite?
False
Is 2650331687 prime?
False
Is 10621971023 composite?
True
Is 2680867459 a composite number?
False
Is 1623087701 a prime number?
True
Is 1365780019 composite?
True
Is 195167741 prime?
False
Is 26670044641 composite?
False
Is 334044521 a prime number?
True
Is 102855047 prime?
False
Is 2535427463 a composite number?
True
Is 256341200617 a prime number?
True
Is 2732244629 prime?
False
Is 33344053727 a composite number?
True
Is 1138081571 a prime number?
False
Is 18049926799 a prime number?
True
Is 3967148189 prime?
False
Is 33744226559 a prime number?
True
Is 342622697 a composite number?
True
Is 370504661 a prime number?
True
Is 1304325611 a prime number?
False
Is 2540062373 prime?
True
Is 12481488449 composite?
True
Is 2495614697 a composite number?
False
Is 797725451 composite?
False
Is 3866181973 prime?
False
Is 69997668563 a prime number?
False
Is 675168827 a composite number?
True
Is 576029297 prime?
True
Is 31791434573 composite?
True
Is 15739786331 prime?
True
Is 80001403 prime?
True
Is 20388032303 a composite number?
True
Is 3004966763 prime?
False
Is 76670825183 a composite number?
True
Is 89590219 composite?
True
Is 2247860039 prime?
True
Is 148094141 a prime number?
False
Is 2230323157 prime?
False
Is 80300719 a composite number?
True
Is 27008419071 a prime number?
False
Is 844055939 prime?
False
Is 532687394 prime?
False
Is 2631670267 a composite number?
True
Is 892737739 composite?
True
Is 652170797 a composite number?
False
Is 25937120863 prime?
False
Is 772217491 a composite number?
True
Is 48957015407 a prime number?
True
Is 1563761827 composite?
False
Is 2235426829 a composite number?
True
Is 17537062427 prime?
False
Is 19176634951 prime?
False
Is 9117644059 a prime number?
True
Is 57548934523 a prime number?
True
Is 2841535031 a prime number?
True
Is 11885726023 a prime number?
False
Is 24909897277 composite?
False
Is 3559201091 a prime number?
True
Is 1245798989 a prime number?
True
Is 24835489837 prime?
False
Is 9937015037 a composite number?
True
Is 206442433 prime?
True
Is 138054373 prime?
True
Is 744281141 prime?
True
Is 9650839883 a prime number?
False
Is 1044049891 a composite number?
False
Is 13562815027 a composite number?
False
Is 5746629113 composite?
False
Is 36926788061 prime?
True
Is 2977832383 composite?
True
Is 3163194647 a prime number?
False
Is 4725397 prime?
True
Is 17587707253 a prime number?
True
Is 174804323 prime?
True
Is 628146853 a prime number?
True
Is 224927869 composite?
True
Is 7305813267 composite?
True
Is 377114743 a composite number?
True
Is 26392386151 a prime number?
False
Is 38303313047 a composite number?
True
Is 12520234991 a composite number?
True
Is 46864805521 composite?
False
Is 174920443 a composite number?
True
Is 4909862833 prime?
False
Is 44943856801 a composite number?
True
Is 4341038173 composite?
True
Is 3699403567 a prime number?
True
Is 118201913 a prime number?
True
Is 16179703453 a prime number?
False
Is 41912936243 composite?
False
Is 29430918593 prime?
True
Is 9902626543 composite?
False
Is 13336759985 prime?
False
Is 1833065383 a composite number?
False
Is 16743137 a composite number?
False
Is 6879313523 a composite number?
False
Is 17131967777 a prime number?
False
Is 2278817689 a prime number?
True
Is 945207037 composite?
True
Is 103175056227 prime?
False
Is 8931519241 composite?
False
Is 856827221 a prime number?
True
Is 21679617853 composite?
True
Is 264590732387 a prime number?
True
Is 30810159538 a prime number?
False
Is 2635680701 composite?
True
Is 1872234347 composite?
False
Is 2916645131 prime?
False
Is 1860672349 composite?
False
Is 39460962481 composite?
False
Is 4398206851 prime?
False
Is 65294183 composite?
True
Is 21653903801 prime?
True
Is 21384610187 prime?
True
Is 11618374823 a composite number?
True
Is 652397789 a prime number?
True
Is 3054222257 composite?
True
Is 7220965649 a prime number?
False
Is 352762343 a prime number?
True
Is 383940861 prime?
False
Is 208901347 a composite number?
False
Is 1027255499 composite?
True
Is 37856371243 a composite number?
True
Is 6176372483 a composite number?
True
Is 88593601 prime?
True
Is 16825497749 composite?
False
Is 386313137 composite?
True
Is 291222561277 a prime number?
True
Is 3577654569 composite?
True
Is 436815107177 prime?
False
Is 1657400791 a prime number?
True
Is 244621187 composite?
False
Is 4403102843 prime?
False
Is 3987033367 a prime number?
True
Is 4237939217 prime?
True
Is 743746187 a prime number?
False
Is 13493903539 prime?
False
Is 5496436763 a prime number?
True
Is 602248079 a composite number?
True
Is 18437812199 composite?
True
Is 196291570477 a composite number?
True
Is 33293339591 prime?
True
Is 18610566107 prime?
False
Is 2304593623 prime?
True
Is 16035325277 prime?
True
Is 90361927 a prime number?
False
Is 391458601 composite?
False
Is 5966678651 prime?
True
Is 53515807 prime?
True
Is 124386223771 a prime number?
True
Is 203377321 composite?
True
Is 14256219521 composite?
False
Is 17929444511 prime?
False
Is 68312456357 a composite number?
False
Is 363127103 composite?
False
Is 2935386991 a prime number?
False
Is 88686789 composite?
True
Is 17325215023 a prime number?
False
Is 3878322243 a prime number?
False
Is 4598362933 composite?
False
Is 45783673673 composite?
False
Is 883928261 composite?
True
Is 553323019 a prime number?
True
Is 57597288533 a composite number?
True
Is 3128643647 a prime number?
True
Is 34389444319 composite?
False
Is 783135589 prime?
False
Is 12061584569 a composite number?
False
Is 960838421 a prime number?
True
Is 100980583 prime?
False
Is 47760823597 a prime number?
True
Is 752633473 composite?
False
Is 24624086239 composite?
False
Is 162495153023 composite?
True
Is 2397772283 prime?
False
Is 3324573895 a composite number?
True
Is 6901650617 composite?
False
Is 147469378943 composite?
False
Is 9428557507 a prime number?
False
Is 5483323739 a composite number?
True
Is 1962509383 prime?
False
Is 60328490143 a prime number?
False
Is 61197146311 a composite number?
True
Is 145193051 prime?
True
Is 954175853 a prime number?
False
Is 81446886683 composite?
True
Is 1751485717 a prime number?
True
Is 112024621 prime?
False
Is 2613541071 a prime number?
False
Is 28660123601 composite?
False
Is 26537549 composite?
False
Is 7771765667 a prime number?
True
Is 49838987 composite?
True
Is 255290446 a prime number?
False
Is 439765217 prime?
True
Is 113405705147 prime?
False
Is 2228625257 a prime number?
False
Is 50823962099 a composite number?
False
Is 86209219 a prime number?
True
Is 4368515794 prime?
False
Is 4120320439 composite?
False
Is 13726927 prime?
False
Is 2316135221 prime?
